2
What is the remainder when 39 is divided by ((-40)/6)/(24/(-36))?
9
Suppose -4*f = -61 - 11. Calculate the remainder when 69 is divided by f.
15
Let j(m) = -m**3 - 10*m**2 + 3*m + 37. Let w = 10 - -9. Suppose 0 = -2*p + 5 + w. What is the remainder when p is divided by j(-10)?
5
Suppose f = 7 - 5. Suppose -w + f = -6. What is the remainder when 21 is divided by w?
5
Let c(t) = -4*t - t**3 + 5*t**2 + 2*t**3 + 3 - 2*t**2. Let p(k) = -2*k**3 - k**2 - 1. Calculate the remainder when p(-3) is divided by c(2).
14
Let g(h) = h**2 + 6. Calculate the remainder when g(4) is divided by 10.
2
Let j = 13 + -9. Let c(s) = s**3 - 3*s**2 + 3. Let r(g) = g**3 - 7*g**2 - 8*g + 7. What is the remainder when c(j) is divided by r(8)?
5
Suppose -7*c + 4*b = -2*c - 30, 2*c + 6 = -2*b. Suppose -c*s + 14 = 3*d - d, 4*d - 36 = -2*s. What is the remainder when 20 is divided by d?
9
Let x = 18 - 9. Let p be 1/(-1) + 0/1. What is the remainder when 28 is divided by (-5)/(p*3/x)?
13
Calculate the remainder when (-80)/(-4) - (1 - -3) is divided by 12.
4
Suppose 3*t + n = 40, 0 = n - 1. Let g = -103 - -110. Calculate the remainder when t is divided by g.
6
Suppose -l + 2*h = -0*h + 11, -5*h + 26 = -l. What is the remainder when 7 is divided by 2/(-6)*6/l?
1
Suppose -3*y - 30 = -78. Let j = 34 - y. Suppose -2*r - 4*v + 8 = -2, 2*r - 11 = -3*v. Calculate the remainder when j is divided by r.
4
Suppose -l - 4*l = -4*n + 75, -n = 4*l - 24. Suppose -x - 2*m = -18, 0*x = x + 3*m - n. What is the remainder when 40 is divided by x?
12
Suppose -5*n = -2*c + 16, -3*n - c - 21 = -6*c. Let v be ((-20)/n)/(0 + 1). Calculate the remainder when (v/3)/((-3)/(-9)) is divided by 4.
2
Let j = 4 - 3. Suppose -d = -j, -x - d = -6*x + 249. What is the remainder when x is divided by 13?
11
Suppose -2*y + 7*y = 5*b - 25, -35 = -2*b - 3*y. Let j = b + 6. What is the remainder when 31 is divided by j?
15
Suppose -f - 25 = x + 4*x, 5*x + 35 = -3*f. Let p = -7 + f. What is the remainder when (p/(-10))/(4/10) is divided by 3?
0
Let u = 447 - 220. Calculate the remainder when u is divided by 33.
29
Suppose 3*b - 11 + 2 = 0. Suppose b*g - 47 = -5. Suppose 8*s - 4*s - 32 = 0. Calculate the remainder when g is divided by s.
6
Let v(n) = n**3 + 5*n**2 + 4*n - 5. Let x be v(-4). Let h be ((-8)/(-5))/((-2)/x). Suppose h*f = f + 60. What is the remainder when f is divided by 11?
9
Let k = 7 + -5. Suppose d - 3*c - 27 = -k*d, 2*d + 5*c = 11. Suppose 0 = -g + 14. What is the remainder when g is divided by d?
6
Let r(k) = k**3 + 7*k**2 - 5*k + 1. Let m be r(-6). Let s = m - 43. Calculate the remainder when s is divided by 5.
4
Let a = 4 + -2. Suppose 2*z - 47 = -3*q, -7*z = -a*z + 3*q - 140. Calculate the remainder when z is divided by 11.
9
Let j(t) = t + 5. Let p be j(6). Suppose 0 = -4*o + p + 9. Suppose 0 = 4*m + 4*a - 108, 0*a + 3*a - 125 = -o*m. What is the remainder when m is divided by 8?
6
Let s = 6 + -1. Suppose 0 = -2*n, -s*f + 2*n + 0*n + 130 = 0. Let q(m) = -m + 2. What is the remainder when f is divided by q(-7)?
8
What is the remainder when 35 is divided by -2 - ((-8)/(-3))/(6/(-9))?
1
What is the remainder when (129/9)/(3/18) is divided by 44?
42
Suppose -4*l + 3 = l + 3*k, 6 = -2*l - 3*k. Suppose l*t - 146 = -5*b, -b - 6*t = -5*t - 28. Calculate the remainder when b is divided by 16.
15
Let o(w) = 5*w**2 - w + 1. Let p be o(1). Let c = 22 - p. Suppose 2*k - 4 = -2*k, d + 5*k - 14 = 0. What is the remainder when c is divided by d?
8
Let h(k) = -k - 1. Calculate the remainder when 2/7 + 267/21 is divided by h(-6).
3
Suppose 13 = 4*l - 5*a, -3*l + 1 = -5*a - 5. What is the remainder when 33 is divided by l?
5
Let x = 98 + -61. Calculate the remainder when x is divided by 14.
9
Suppose d - 3*c = -3*d + 17, 0 = 5*d - c - 24. Let z(b) = b**3 - 9*b**2 - b + 10. Let j be z(9). Calculate the remainder when d is divided by (j + 2)/(12/8).
1
What is the remainder when (-174)/(-12)*(1 + 1) is divided by 8?
5
Let t be (-2)/2*(-2 + -1). Let q = t + 0. Suppose 79 = 4*s - 3*o, 32 = q*s + 2*o - 6. Calculate the remainder when 46 is divided by s.
14
Suppose 133 = -h + 142. Let t(o) = 2*o**2 + 2. What is the remainder when t(-4) is divided by h?
7
Let v be (-6)/18 - 64/6. Let n = v + 36. What is the remainder when n is divided by 14?
11
Let c = -134 - -202. Suppose 3*p - 46 = c. What is the remainder when p is divided by 13?
12
Suppose -4*k + 5 = -3*y, 2*k + 0*y + 2*y - 20 = 0. Suppose -k*o + 9 = -1. Suppose -92 = -o*v - 22. Calculate the remainder when v is divided by 9.
8
Suppose -2*u + 17 = 5*a, -48 + 13 = 5*u - 3*a. Let w(z) = -z**3 - 3*z**2 - z - 3. What is the remainder when 33 is divided by w(u)?
16
Let d(g) = -g**2 - 8*g - 3. What is the remainder when d(-3) is divided by 4?
0
Suppose 4*h + y = -2*y + 42, 5 = h - 2*y. What is the remainder when h is divided by 37/7 - (-20)/(-70)?
4
Let a(z) = z**3 + 11*z**2 + 11*z + 8. Let o be a(-7). Suppose o = 5*s - 3*v, s + 81 = 4*s + 3*v. What is the remainder when s is divided by 14?
12
Suppose 3*d = -2*m + 5, 3*m - 2*m - 4*d = 19. Calculate the remainder when m is divided by 4.
3
Let d(t) = -t**3 - 9*t**2 + 3. Let s be d(-9). Suppose -4*c = 6*f - f + 42, 5*c = -4*f - 39. Calculate the remainder when 3 is divided by s/f + 10/4.
1
Suppose -5*d = -3*d - 20. Calculate the remainder when d is divided by 4.
2
Suppose -69*b + 40 = -67*b. Calculate the remainder when 119 is divided by b.
19
Suppose 0 = -5*k + t + 24, 3*k - k + 3*t = 13. What is the remainder when k is divided by 3?
2
Suppose 3*c - 5*q - 46 - 1 = 0, -4*q = -2*c + 34. Let j(f) = f**2 + 1. Let x be j(1). Suppose x*d = -2*d + 104. What is the remainder when d is divided by c?
8
Suppose 13 = -3*f - 17. Let r = -5 - f. Calculate the remainder when 22 is divided by r.
2
Let a(t) = t**2 + t. Let d be a(0). Suppose 2*n = -0*p + 5*p, d = 3*p - 12. What is the remainder when n is divided by 4?
2
Suppose -2*c = 3*a, -c + 4*a = -6*c. Suppose c = h - 15 - 10. Suppose -20 = -5*t, -2*t = 2*p - p - 21. What is the remainder when h is divided by p?
12
Let v = 5 - 3. Suppose -v*l + 105 = l. Calculate the remainder when l is divided by (0 - 1)*-11 + 1.
11
Suppose -y + 5 = 3. Suppose 12 = r + y*r. Suppose 2*c + 8 = 4*l, -3*l = -2*c - 0 - 5. What is the remainder when r is divided by l?
1
Let w(m) be the third derivative of -m**4/12 + 17*m**3/2 - 2*m**2. Calculate the remainder when w(0) is divided by 26.
25
Calculate the remainder when 28 is divided by ((-20)/6)/(280/48 - 6).
8
Suppose 0 = 2*a + 4*x - 202, -a - 3*x + 93 = x. Let s = 167 - a. Calculate the remainder when s is divided by 30.
28
Let j(u) = u**2 - 6*u - 5. Let p be j(7). Suppose -k + 18 = -3*x, -k + p*x + 7 + 8 = 0. What is the remainder when 16 is divided by k?
7
Let b = -69 - -77. What is the remainder when 45 is divided by b?
5
Let h(c) = 9*c - 4. Let q be h(4). Suppose f = 3*f - q. What is the remainder when f is divided by 9?
7
Let d(f) = -f + 1. Let x be d(-3). Suppose -x*r - 31 = 117. Let o = -7 - r. What is the remainder when o is divided by 8?
6
Suppose -b - 11 + 2 = -c, -5*b = 2*c + 45. Calculate the remainder when (-66*6/b)/1 is divided by 15.
14
Let q be (1 + 3/(-6))*0. Suppose q = 3*o - 4 - 23. Let r(g) = -36*g - 1. What is the remainder when r(-1) is divided by o?
8
Let p(s) = s**2 - 2*s - 4. Calculate the remainder when 54 is divided by p(6).
14
Suppose 0 = -5*v + 4*o + 94, -5*o = 3*v - 3*o - 52. Let x = v - 5. Calculate the remainder when x is divided by 4.
1
Let h be -1 + -3*8/6. Let i(r) = -r**3 - 3*r**2 - 5*r + 7. Calculate the remainder when i(h) is divided by 28.
26
Let t(n) = -36*n + 1. Calculate the remainder when t(-2) is divided by 20.
13
Let f(d) be the second derivative of d**3/6 + 7*d**2/2 - 2*d. Let y be f(6). Suppose y = 4*u - 0*g - g, -5 = g. Calculate the remainder when 4 is divided by u.
0
Calculate the remainder when 41 is divided by (1 + -2)/((-1)/15).
11
Suppose 5 = 5*p - 15. Suppose -4*d = -3*d - 5*h - 17, d - 62 = -4*h. Suppose -d = r - p*r. Calculate the remainder when 41 is divided by r.
13
Suppose -4*w + 4*p - p = -866, 0 = 3*w + 4*p - 662. What is the remainder when w is divided by 55?
53
Let v = 92 - 57. Calculate the remainder when 68 is divided by v.
33
Suppose -w = 3, -w = -3*j - 2*w + 66. Calculate the remainder w